 Suppose 7*g - 1624 - p = 0. Is g prime?
True
Let b be (3 - (-22)/(-8))/(3/7692). Let h = b + 1580. Is h a prime number?
True
Suppose z = 3*u - 233839, 5*u = -110*z + 112*z + 389731. Is u a composite number?
True
Let t = -420 + -122. Let y = -211 - t. Is y a prime number?
True
Let s = 10040 - -6764. Suppose -4*d + 3363 + 3365 = 2*y, s = 5*y + 2*d. Let b = y - 2101. Is b a composite number?
False
Suppose w = g + 5836, 9*g = 2*w + 11*g - 11660. Is w a composite number?
True
Let w(h) = h**2 + 15*h + 32. Suppose -3*r = -r + 24. Let s be w(r). Is 745*s/(-10) - (0 + 0) a composite number?
True
Suppose 33019 = -5*j - 4*n, 0 = 2*j + 3*j - 3*n + 33047. Let s = 2344 - j. Is s a prime number?
True
Let t = 3328 + -2083. Let s = 2212 - t. Is s composite?
False
Let m(w) = 5*w. Let u be m(6). Let b(s) = -u + 1 - 13*s + 10. Is b(-6) a composite number?
False
Suppose -5*z + p = -0*z - 20, 4*z - 4*p = 16. Suppose 5*o - 3*j + 65 = -8*j, 4*o + 3*j = -57. Is (-3642)/o + z/6 composite?
True
Is 1/((4/(-10))/(856712/(-20))) a prime number?
True
Suppose 5*k = -10, -o + 4*k = -2530 - 6698. Let p = 34721 - o. Is p prime?
False
Let g(c) = 13*c + 290. Let r be g(-22). Let i = -74 + 32. Is (24/i)/(r/(-7798)) prime?
False
Let k(b) = 12*b - 39*b + 87 - 41*b - 3*b + 45. Is k(-13) prime?
False
Suppose -3*g - 3*g - g = 0. Suppose -b + 3*t + 5132 = g, 5*b - 4*t - 25720 = -t. Is b a prime number?
True
Let x = 33003 + -23134. Is x a prime number?
False
Let t = 240 - 235. Suppose t*z - 3*g + 3976 = 11655, 2*g = -2*z + 3078. Is z composite?
True
Let r = 29903 + 79254. Is r a prime number?
False
Is -1225855*(-16 + 158/10) a composite number?
False
Suppose 6*r - 23*r + 6324 = 0. Let a = r - 223. Is a a composite number?
False
Let a = 596957 + -400924. Is a a prime number?
True
Let d(p) = p**2 - 12*p - 9. Let h be d(13). Suppose 4*l = -4*y + 38460, -4*l - h*y = y - 38462. Is l composite?
False
Let d = 139 + -135. Suppose -d*j = -i + 3*i - 94, 2*j = -5*i + 219. Is i composite?
False
Let v = 78 + -76. Suppose 0 = -4*b + v*h + 1644, 0 = -b + 5*h + 515 - 86. Is b a prime number?
True
Let a = 50303 + -27870. Is a a prime number?
True
Suppose -u + 1245 = 2*r, 3*u - 5*u - 2 = 0. Let w = r - -1878. Is w prime?
False
Let m = -28 + 40. Let i(k) = -m*k - 8 + 18*k - 9*k - 8*k. Is i(-14) a composite number?
True
Suppose -1 = 3*q - 10. Let a be (10/2)/(q/42*-2). Is 1486/(-4)*(-5)/(a/(-14)) a composite number?
False
Suppose 3*f - 5*j = -6*j + 11, 5*f - 5 = -5*j. Is (-1 + (f - 3))*(1 + 1708) composite?
False
Is (9 - -10334 - 0)*(0/2 + 1) a composite number?
False
Suppose 6*l - 7 = 11. Let o(z) = z + 7. Let n be o(l). Is (-149)/(-2*1/n) a composite number?
True
Let x(a) = a**2 - 2*a + 3. Suppose 3*p - 2*p = 4, 5*p - 30 = -5*t. Let u be x(t). Is (2/u)/(8/2220) composite?
True
Suppose 0 = -5*s - 4*h + 351359, -3*h = 2*s + h - 140546. Is s composite?
False
Let h(p) = 23*p + 34. Let n be h(-2). Is (4/(-5))/(n/108930) a composite number?
True
Suppose -3*s + 1140981 = x, 0 = 1008*s - 1004*s + 4*x - 1521308. Is s composite?
False
Let f(y) = 2086*y**2 - 62*y - 351. Is f(-5) a prime number?
False
Let h = -30 + 30. Suppose h = 10*b - 14*b - 572. Let y = b + 436. Is y a prime number?
True
Let v = -34497 + 55808. Is v composite?
True
Let o(t) = -t**2 - 18*t - 28. Let c be o(-16). Suppose 0 = -c*s - 10264 - 2396. Let h = -1684 - s. Is h composite?
False
Let v = -29427 + 57283. Suppose 15*a = 436921 - v. Is a composite?
False
Is -14 + (-21103)/(-4)*4 composite?
False
Let n = 1275 + -724. Let g = 96 + n. Is g a composite number?
False
Let c(q) be the third derivative of -q**6/60 - q**5/60 + 11*q**4/24 + 5*q**3/6 - q**2. Let j(u) = -u**2 + 6*u + 8. Let l be j(-2). Is c(l) a composite number?
False
Let s be 3 + -6 + -1 + -3. Let c = s + 12. Suppose 30912 - 3317 = c*m. Is m prime?
True
Suppose 11*h = 1228 - 7476. Let x = h - -873. Is x prime?
False
Is -10 - (17 - 17606 - -10) a prime number?
True
Let d be (283/3)/((-1)/6). Let o = d - -1927. Is o prime?
True
Let g = -66 - -202. Let o = g - -181. Is o a composite number?
False
Suppose -100 + 474 = 17*w. Suppose -11*f + w*f = 140701. Is f a composite number?
False
Let f(n) = -85*n**3 + 6*n**2 - 6*n + 51. Let p be f(-7). Suppose -6*b + 2*b + 3*c = -p, -2*b + 14770 = -2*c. Is b prime?
False
Suppose 18*u + 3*v - 7100838 = 0, -2*u + 40*v - 41*v + 788982 = 0. Is u prime?
False
Let l(z) = z + 21. Let w be l(-27). Let k be -6*9/12*w. Suppose 0 = 24*o - k*o + 1461. Is o composite?
False
Let k(m) = 60046*m**3 - 16*m**2 - 8*m - 1. Is k(2) a composite number?
False
Let c = 5288 + 4935. Is c a composite number?
False
Let v(u) = -52*u**3 - 19*u**2 - 27*u - 51. Is v(-14) prime?
True
Let n = 1043 - -14128. Suppose -n = -x - 12*x. Is x prime?
False
Let p(q) = -420*q - 1377*q - 8 - 6274*q. Is p(-1) a composite number?
True
Let d(v) = 2*v - 3. Let n be d(3). Let r(w) = 4 - 1851*w + 3700*w - 1839*w. Is r(n) prime?
False
Suppose -15 = 3*b, 53*b - 270365 = -s + 50*b. Suppose -s = -6*r - 14*r. Is r a composite number?
True
Suppose 0 = -34*i + 24*i + 55160. Suppose 0*s + i = d + 3*s, 0 = 3*d + 4*s - 16523. Is d a prime number?
True
Suppose 4*r = -4*m + 923648, -5*m + 7*m + 4*r - 461812 = 0. Is m prime?
False
Is (-1157436)/(-5) + 164/(-820) composite?
True
Suppose 0 = o - 3*o. Suppose -4*v + 3*v + 2*u + 1069 = o, 5*u - 3185 = -3*v. Suppose 7*n + v = 10*n. Is n a prime number?
False
Let v = -681 + 684. Suppose -4*h - v*h = -20573. Is h a prime number?
True
Let p(t) = -610*t - 23. Let f = 226 + -234. Is p(f) composite?
True
Is (0 + 5)*6/15 - (-1 + -2764) a prime number?
True
Let d(a) = -a**2 + a - 57. Let y be d(0). Let r = -60 - y. Is 4/(-6) + (-575)/r composite?
False
Suppose 94*h + 121*h - 66212263 = -6*h. Is h composite?
False
Let r(s) = 2*s**2 - 3*s - 7. Let x(d) = d**3 - 15*d**2 - 15*d - 13. Let t be x(16). Suppose -t*g = -g - 16. Is r(g) a composite number?
False
Let y be (-172332)/(-225) - 2/(-25). Let j = y + 7369. Is j composite?
True
Is (174/(-638))/(1/(-493669)) prime?
False
Suppose 0*g = 5*g - 3*k + 1030, 0 = -5*k + 25. Let x = 390 + g. Is x prime?
False
Let d(c) = 2*c**3 + 20*c**2 + c + 22. Let l be d(-10). Suppose -219 = -3*u + l. Is u a prime number?
False
Let v(c) = -13*c - 2230. Let b(i) = -i**2 + 3. Let k be b(3). Let r(l) = 7*l + 1115. Let a(x) = k*v(x) - 11*r(x). Is a(0) prime?
False
Let g = 84 + 104. Let m = 1197 - g. Is m a prime number?
True
Let z be (-45675)/60 + (-3)/4. Suppose -3*l + 3410 = -l. Let h = l + z. Is h a prime number?
False
Suppose -4*i - 2*b + 0*b - 30 = 0, 0 = 3*i + 3*b + 27. Let u(t) = -44*t + 10. Let g be u(i). Suppose -2168 - g = -6*k. Is k prime?
False
Suppose 5*m = t - 5*t + 338195, 4*t + 202949 = 3*m. Suppose -7*p + m = 10*p. Is p a composite number?
True
Suppose -4*u + 30582 = 5*m, 0 = 3*u - 4*m - 23230 + 278. Let k = u + -4091. Is k prime?
True
Suppose 55*l - 35*l + 919333 = 43*l. Is l a composite number?
False
Let f(s) = -s**3 + 11*s**2 - 5*s - 6. Let i be f(10). Let a = 50 - i. Suppose 0 = a*o - 1745 - 1273. Is o a prime number?
True
Suppose 4*h - 3124 = 2*i, -1568 = -3*h + h + 4*i. Suppose 2*r - 1931 = -3*q + h, 4*r = -2*q + 5410. Is r composite?
True
Let d(x) = x + 6. Let m be d(-6). Suppose m = 9*b - 12*b + 15. Suppose v + 3*a = 1708, a = b*a + 4. Is v prime?
False
Let g(p) be the third derivative of -p**6/120 - p**5/3 + 3*p**4/2 + 23*p**3/3 - p**2 + 74. Is g(-27) a prime number?
True
Let l(h) be the first derivative of -h**3/3 + 4*h**2 - 7*h + 15. Let c be l(2). Suppose 0 = -4*j - 4, 3*q + 581 = c*q + j. Is q composite?
True
Let c = 340894 - 4251. Is c composite?
False
Let p be 0/(48/(-21) + 2/7). Suppose p = 2*d - 6 + 6. Is d/(-5) - 1778/(-2) composite?
True
Suppose 73*g - 10*g = 5262831. Is g a composite number?
False
Suppose 3*b = -2*i + 22690, 5*b + 3*i = 5*i + 37838. Suppose 0 = -24*l + 30*l - b. Is l a composite number?
True
Let y be (-4)/10 + (-1566)/135. Is y/(11 - 9) - -1817 a composite number?
False
Suppose -55*k = -1058430 + 280565. Is k a prime number?
True
Let j = 8835 + -14751. Let h = -2639 - j. Is h a composite number?
True
Let r(x) = -4*x**3 - x + 8. Let w be 4 + -4 + (-15 - -6). Is r(w) a prime number?
False
Is (-5)/(6/4*40/(-9801780)) prime?
False
Let x be ((-6)/4)/(13/(-26)). Suppose -x*q + 5*o = -5868, -3*q + o = 4*o 